2984?
34
Calculate the greatest common factor of 1582 and 57033473.
791
Calculate the greatest common factor of 706528 and 1120.
32
What is the greatest common divisor of 8085 and 2180290035?
8085
What is the highest common factor of 20159 and 357998?
19
Calculate the highest common divisor of 392 and 5802874.
98
Calculate the highest common divisor of 48564602 and 194.
194
Calculate the greatest common divisor of 29622950 and 175.
175
Calculate the greatest common divisor of 7799582 and 37576.
854
What is the highest common divisor of 56535510 and 120?
30
What is the greatest common divisor of 3156 and 401136?
12
What is the highest common divisor of 1178 and 1611194?
62
Calculate the highest common factor of 435 and 36295095.
435
What is the highest common divisor of 748 and 1011041?
17
What is the highest common divisor of 12953540 and 7380?
820
What is the highest common factor of 6996827 and 183109?
2579
Calculate the highest common factor of 111011184 and 18.
18
What is the highest common divisor of 2632997 and 29?
29
Calculate the greatest common factor of 6336 and 377751.
33
Calculate the highest common divisor of 17737289 and 4137.
197
Calculate the highest common factor of 105175414 and 164.
82
What is the highest common factor of 8511250 and 11?
11
What is the highest common divisor of 137 and 87030620?
137
Calculate the greatest common factor of 19558619 and 214795.
6137
Calculate the greatest common factor of 58 and 1672562.
2
Calculate the highest common divisor of 1521 and 45864.
117
What is the highest common factor of 45987715 and 25?
5
Calculate the highest common divisor of 35567 and 150675.
7
Calculate the highest common divisor of 4204 and 6616045.
1051
Calculate the highest common divisor of 3128 and 18331644.
1564
What is the greatest common divisor of 698 and 1494767?
349
Calculate the highest common divisor of 4095 and 1363950.
315
What is the highest common divisor of 2144 and 7153456?
1072
What is the highest common divisor of 42769 and 102949485?
2251
Calculate the greatest common factor of 125742 and 26942.
38
What is the greatest common factor of 88542146 and 154?
154
Calculate the highest common factor of 7535 and 2166655.
685
Calculate the greatest common divisor of 11642136 and 15675.
627
What is the greatest common factor of 4176435 and 11745?
435
Calculate the highest common divisor of 4107965 and 4185.
155
Calculate the greatest common factor of 797790 and 10730.
290
What is the greatest common factor of 16663 and 11333471?
877
Calculate the greatest common divisor of 2839803 and 37290.
339
What is the highest common divisor of 2582 and 326?
2
What is the highest common divisor of 300586520 and 390?
130
Calculate the highest common divisor of 51923950 and 13600.
850
What is the greatest common factor of 1859436 and 143856?
972
What is the greatest common divisor of 253971 and 3222?
9
What is the highest common factor of 7104 and 14454642?
222
Calculate the greatest common divisor of 5053 and 56296.
31
Calculate the highest common factor of 1495170 and 3774.
222
Calculate the greatest common divisor of 14405453 and 106.
53
What is the highest common factor of 561795660 and 120?
60
What is the greatest common divisor of 98144438 and 42?
14
What is the highest common factor of 70685622 and 7510?
1502
Calculate the greatest common divisor of 63675 and 41526.
9
Calculate the highest common divisor of 6608 and 12048862.
826
What is the highest common divisor of 596842 and 125376?
1306
Calculate the greatest common factor of 699 and 127031367.
699
Calculate the greatest common divisor of 9701 and 1438473.
109
What is the highest common divisor of 2189805 and 150?
15
Calculate the greatest common divisor of 722592 and 64480.
416
What is the greatest common factor of 1992780 and 120?
60
What is the greatest common divisor of 528 and 9756336?
48
Calculate the greatest common factor of 141 and 596248.
1
Calculate the greatest common factor of 388930 and 6992.
874
What is the highest common divisor of 11573246 and 190238?
2606
What is the highest common divisor of 1889686 and 408?
34
What is the greatest common divisor of 11184 and 2294118?
1398
Calculate the greatest common factor of 16350 and 105504915.
1635
What is the greatest common divisor of 68750 and 10615?
55
Calculate the highest common factor of 3895492 and 451.
41
What is the highest common divisor of 6176 and 1557124?
772
What is the greatest common divisor of 4592795 and 2263?
73
What is the greatest common factor of 95547299 and 134950?
2699
What is the highest common divisor of 924277 and 172404?
4789
Calculate the highest common factor of 21432 and 1154649.
2679
What is the highest common factor of 8091 and 164422605?
2697
Calculate the greatest common divisor of 240 and 674034.
6
What is the greatest common factor of 17993935 and 26450?
2645
Calculate the greatest common factor of 359364859 and 7.
7
What is the greatest common divisor of 12236130 and 48?
6
Calculate the greatest common divisor of 901060 and 530.
10
Calculate the highest common factor of 2604070 and 280.
70
Calculate the greatest common factor of 97962139 and 1705.
341
What is the greatest common divisor of 3269216 and 1083?
361
What is the greatest common factor of 205692 and 1712133?
843
What is the greatest common divisor of 3047 and 440153?
277
What is the highest common divisor of 2892402 and 828?
18
What is the greatest common factor of 2918 and 43276858?
2918
What is the highest common factor of 20 and 9257740?
20
What is the highest common factor of 342079 and 1154117?
3197
What is the highest common factor of 190765303 and 37?
37
Calculate the highest common factor of 7 and 10199623.
7
Calculate the greatest common factor of 909799 and 511.
73
What is the highest common factor of 34521118 and 177344?
5542
Calculate the highest common factor of 604170861 and 996.
249
Calculate the highest common divisor of 3988932 and 258.
6
Calculate the highest common factor of 2560 and 1073648.
16
What is the highest common factor of 2108 and 3135216?
124
What is the highest common factor of 8412411 and 345?
69
What is the highest common factor of 72 and 1462437?
9
What is the greatest common divisor of 9381 and 1225201?
53
Calculate the highest common factor of 625994 and 3012.
502
What is the greatest common divisor of 1206 and 14869377?
603
Calculate the highest common divisor of 499363902 and 387.
387
Calculate the greatest common factor of 1007153 and 14.
7
What is the highest common factor of 17113210 and 102586?
9326
What is the highest common divisor of 842596363 and 3857?
3857
What is the greatest common divisor of 32906232 and 538?
538
What is the greatest common divisor of 13792188 and 12?
12
Calculate the greatest common factor of 86495 and 19.
1
What is the greatest common divisor of 1135 and 28723899?
227
What is the highest common factor of 3344973 and 537?
537
Calculate the highest common factor of 76 and 103528739.
19
What is the greatest common factor of 26741 and 239459?
121
Calculate the greatest common divisor of 62771 and 2009.
41
What is the greatest common factor of 42468 and 124940?
4
Calculate the highest common divisor of 18 and 1242234972.
18
What is the highest common divisor of 561762 and 2970?
54
Calculate the greatest common divisor of 197422515 and 405.
405
Calculate the highest common divisor of 461152431 and 11852.
2963
Calculate the highest common divisor of 2542218 and 42924.
294
Calculate the highest common divisor of 900 and 2897868.
12
Calculate the greatest common divisor of 2231 and 127397.
23
Calculate the highest common divisor of 2592121 and 272314.
2569
What is the greatest common factor of 192 and 541786944?
192
What is the greatest common factor of 78219864 and 378?
54
What is the highest common divisor of 258340762 and 848?
106
What is the greatest common divisor of 98496 and 4536?
648
Calculate the highest common factor of 120 and 1389870.
30
What is the highest common factor of 2 and 48637075?
1
What is the highest common divisor of 1024995 and 1253730?
345
Calculate the highest common divisor of 532104 and 498.
6
What is the highest common factor of 27 and 4713928353?
27
Calculate the highest common factor of 1368 and 11767992.
456
What